{"id":3576,"date":"2024-05-28T09:26:21","date_gmt":"2024-05-28T12:26:21","guid":{"rendered":"https:\/\/www.krsc.ca\/events\/canada-day-celebrations\/"},"modified":"2024-05-28T09:27:37","modified_gmt":"2024-05-28T12:27:37","slug":"canada-day-celebrations","status":"publish","type":"mec-events","link":"https:\/\/www.krsc.ca\/fr\/events\/canada-day-celebrations\/","title":{"rendered":"C\u00e9l\u00e9brations de la f\u00eate du Canada"},"content":{"rendered":"<p>?Venez c\u00e9l\u00e9brer la f\u00eate du Canada avec nous le lundi 1er juillet au parc municipal Jardine de 12 h \u00e0 15 h.?<\/p>\n<p>Nous sommes contents d&rsquo;accueillir de nouveau le groupe Sistema NB de Richibucto pour interpr\u00e9ter l&rsquo;hymne national ainsi que d&rsquo;autres pi\u00e8ces musicales ! ???<\/p>\n<p>?Il y aura un d\u00e9licieux g\u00e2teau et de 13 h \u00e0 15 h, amenez vos enfants pour profiter des jeux gonflables et de l&rsquo;excellent divertissement de Dan et Carole ! ?<\/p>\n<p>\u2728?Une nouveaut\u00e9 cette ann\u00e9e \u00e0 Jardine, il y aura un march\u00e9 d&rsquo;artisanat en plein air organis\u00e9 par le groupe Summer Fun Group de 10 h \u00e0 15 h. <\/p>\n<p>Si vous souhaitez r\u00e9server une table, vous pouvez appeler Joan Collins Burt au 506-232-7086.<\/p>\n","protected":false},"excerpt":{"rendered":"<p>?Venez c\u00e9l\u00e9brer la f\u00eate du Canada avec nous le lundi 1er juillet au parc municipal Jardine de 12 h \u00e0 15 h.? Nous sommes contents d&rsquo;accueillir<span class=\"excerpt-hellip\"> [\u2026]<\/span><\/p>\n","protected":false},"author":2,"featured_media":0,"comment_status":"open","ping_status":"closed","template":"","tags":[],"mec_category":[98,68],"class_list":["post-3576","mec-events","type-mec-events","status-publish","hentry","mec_category-beaurivage-fr","mec_category-mieux-etre-kent"],"_links":{"self":[{"href":"https:\/\/www.krsc.ca\/fr\/wp-json\/wp\/v2\/mec-events\/3576","targetHints":{"allow":["GET"]}}],"collection":[{"href":"https:\/\/www.krsc.ca\/fr\/wp-json\/wp\/v2\/mec-events"}],"about":[{"href":"https:\/\/www.krsc.ca\/fr\/wp-json\/wp\/v2\/types\/mec-events"}],"author":[{"embeddable":true,"href":"https:\/\/www.krsc.ca\/fr\/wp-json\/wp\/v2\/users\/2"}],"replies":[{"embeddable":true,"href":"https:\/\/www.krsc.ca\/fr\/wp-json\/wp\/v2\/comments?post=3576"}],"wp:attachment":[{"href":"https:\/\/www.krsc.ca\/fr\/wp-json\/wp\/v2\/media?parent=3576"}],"wp:term":[{"taxonomy":"post_tag","embeddable":true,"href":"https:\/\/www.krsc.ca\/fr\/wp-json\/wp\/v2\/tags?post=3576"},{"taxonomy":"mec_category","embeddable":true,"href":"https:\/\/www.krsc.ca\/fr\/wp-json\/wp\/v2\/mec_category?post=3576"}],"curies":[{"name":"wp","href":"https:\/\/api.w.org\/{rel}","templated":true}]}}

Célébrations de la fête du Canada

<p>?Venez célébrer la fête du Canada avec nous le lundi 1er juillet au parc municipal Jardine de 12 h à 15 h.?</p>
<p>Nous sommes contents d&rsquo;accueillir de nouveau le groupe Sistema NB de Richibucto pour interpréter l&rsquo;hymne national ainsi que d&rsquo;autres pièces musicales ! ???</p>
<p>?Il y aura un délicieux gâteau et de 13 h à 15 h, amenez vos enfants pour profiter des jeux gonflables et de l&rsquo;excellent divertissement de Dan et Carole ! ?</p>
<p>✨?Une nouveauté cette année à Jardine, il y aura un marché d&rsquo;artisanat en plein air organisé par le groupe Summer Fun Group de 10 h à 15 h. </p>
<p>Si vous souhaitez réserver une table, vous pouvez appeler Joan Collins Burt au 506-232-7086.</p>

<p>?Venez célébrer la fête du Canada avec nous le lundi 1er juillet au parc municipal Jardine de 12 h à 15 h.? Nous sommes contents d&rsquo;accueillir<span class="excerpt-hellip"> […]</span></p>
