{"id":4008,"date":"2024-12-12T09:39:29","date_gmt":"2024-12-12T13:39:29","guid":{"rendered":"https:\/\/www.krsc.ca\/?post_type=mec-events&#038;p=4008"},"modified":"2024-12-12T09:39:29","modified_gmt":"2024-12-12T13:39:29","slug":"comite-de-securite-publique","status":"publish","type":"mec-events","link":"https:\/\/www.krsc.ca\/fr\/events\/comite-de-securite-publique\/","title":{"rendered":"Comit\u00e9 de s\u00e9curit\u00e9 publique"},"content":{"rendered":"<p>R\u00e9union ordinaire du comit\u00e9 de s\u00e9curit\u00e9 publique<\/p>\n<p><strong>Ordre du jour<\/strong><br \/>\n1. Ouverture de la r\u00e9union<br \/>\n2. Adoption de l\u2019ordre du jour<br \/>\n3. Adoption du proc\u00e8s-verbal de la r\u00e9union du 11 septembre 2024<br \/>\n4. Affaires d\u00e9coulant du proc\u00e8s-verbal<br \/>\n5. Pr\u00e9sentations<br \/>\n6. Enjeux de s\u00e9curit\u00e9 publique :<br \/>\na. S\u00e9curit\u00e9 (routes, sentiers, propri\u00e9t\u00e9s, personnes)<br \/>\n\u2756 GRC<br \/>\n\u2756 \u00c9chec aux crimes<br \/>\n\u2756 Elsipogtog First Nation<br \/>\n\u2756 Justice et s\u00e9curit\u00e9 publique<br \/>\n\u2756 OMU NB<br \/>\n\u2756 Recherche et sauvetage au sol Tri-County<br \/>\n\u2756 Pr\u00e9vot des incendies<br \/>\n\u2756 Chefs pompiers de Kent<br \/>\n\u2756 D\u00e9veloppement des ressources<br \/>\n\u2756 Service de mise en ex\u00e9cution des arr\u00eat\u00e9s<br \/>\nb. Sant\u00e9<br \/>\n\u2756 Ambulance NB<br \/>\n\u2756 R\u00e9seau de sant\u00e9 Vitalit\u00e9<br \/>\n\u2756 Centre de sant\u00e9 mentale communautaire de Richibucto<br \/>\nc. S\u00e9curit\u00e9 communautaire (sensibilisation, \u00e9ducation)<br \/>\n\u2756 Centre de pr\u00e9vention de la violence dans Kent<br \/>\n\u2756 Centre de ressources familiale de Kent<br \/>\n\u2756 Agent de programmes communautaires (GRC)<br \/>\n\u2756 R\u00e9silience communautaire<br \/>\n\u2756 District scolaire francophone sud<br \/>\n\u2756 Inclusion sociale<br \/>\n\u2756 Parcs Canada<br \/>\n7. Affaires nouvelles<br \/>\na.<br \/>\n8. Lev\u00e9e de la r\u00e9union<\/p>\n","protected":false},"excerpt":{"rendered":"<p>R\u00e9union ordinaire du comit\u00e9 de s\u00e9curit\u00e9 publique Ordre du jour 1. Ouverture de la r\u00e9union 2. Adoption de l\u2019ordre du jour 3. Adoption du proc\u00e8s-verbal de<span class=\"excerpt-hellip\"> [\u2026]<\/span><\/p>\n","protected":false},"author":2,"featured_media":2298,"comment_status":"closed","ping_status":"closed","template":"","tags":[],"mec_category":[16],"class_list":["post-4008","mec-events","type-mec-events","status-publish","has-post-thumbnail","hentry","mec_category-reunion"],"_links":{"self":[{"href":"https:\/\/www.krsc.ca\/fr\/wp-json\/wp\/v2\/mec-events\/4008","targetHints":{"allow":["GET"]}}],"collection":[{"href":"https:\/\/www.krsc.ca\/fr\/wp-json\/wp\/v2\/mec-events"}],"about":[{"href":"https:\/\/www.krsc.ca\/fr\/wp-json\/wp\/v2\/types\/mec-events"}],"author":[{"embeddable":true,"href":"https:\/\/www.krsc.ca\/fr\/wp-json\/wp\/v2\/users\/2"}],"replies":[{"embeddable":true,"href":"https:\/\/www.krsc.ca\/fr\/wp-json\/wp\/v2\/comments?post=4008"}],"wp:featuredmedia":[{"embeddable":true,"href":"https:\/\/www.krsc.ca\/fr\/wp-json\/wp\/v2\/media\/2298"}],"wp:attachment":[{"href":"https:\/\/www.krsc.ca\/fr\/wp-json\/wp\/v2\/media?parent=4008"}],"wp:term":[{"taxonomy":"post_tag","embeddable":true,"href":"https:\/\/www.krsc.ca\/fr\/wp-json\/wp\/v2\/tags?post=4008"},{"taxonomy":"mec_category","embeddable":true,"href":"https:\/\/www.krsc.ca\/fr\/wp-json\/wp\/v2\/mec_category?post=4008"}],"curies":[{"name":"wp","href":"https:\/\/api.w.org\/{rel}","templated":true}]}}

Comité de sécurité publique

<p>Réunion ordinaire du comité de sécurité publique</p>
<p><strong>Ordre du jour</strong><br />
1. Ouverture de la réunion<br />
2. Adoption de l’ordre du jour<br />
3. Adoption du procès-verbal de la réunion du 11 septembre 2024<br />
4. Affaires découlant du procès-verbal<br />
5. Présentations<br />
6. Enjeux de sécurité publique :<br />
a. Sécurité (routes, sentiers, propriétés, personnes)<br />
❖ GRC<br />
❖ Échec aux crimes<br />
❖ Elsipogtog First Nation<br />
❖ Justice et sécurité publique<br />
❖ OMU NB<br />
❖ Recherche et sauvetage au sol Tri-County<br />
❖ Prévot des incendies<br />
❖ Chefs pompiers de Kent<br />
❖ Développement des ressources<br />
❖ Service de mise en exécution des arrêtés<br />
b. Santé<br />
❖ Ambulance NB<br />
❖ Réseau de santé Vitalité<br />
❖ Centre de santé mentale communautaire de Richibucto<br />
c. Sécurité communautaire (sensibilisation, éducation)<br />
❖ Centre de prévention de la violence dans Kent<br />
❖ Centre de ressources familiale de Kent<br />
❖ Agent de programmes communautaires (GRC)<br />
❖ Résilience communautaire<br />
❖ District scolaire francophone sud<br />
❖ Inclusion sociale<br />
❖ Parcs Canada<br />
7. Affaires nouvelles<br />
a.<br />
8. Levée de la réunion</p>

<p>Réunion ordinaire du comité de sécurité publique Ordre du jour 1. Ouverture de la réunion 2. Adoption de l’ordre du jour 3. Adoption du procès-verbal de<span class="excerpt-hellip"> […]</span></p>
